(n) = -9*n**3 + n**2 + 2*n + 1. Let b(x) = -10*x**3 + x**2 + 3*x + 2. Let p(k) = 3*a(k) - 2*b(k). Suppose -1 = 2*q - 3. Calculate p(q).
-7
Suppose -2*f + 7*f - 25 = 0. Let v(a) = a - 2 + f - 4. Suppose k + 5*s + 3 = 0, s - 9 = 3*k - 2*s. What is v(k)?
-4
Let r(n) = -2*n - 3. Suppose -4*l + g + 4 = -26, -5*l - 3*g + 29 = 0. Give r(l).
-17
Let o(w) = 7 + 1 + 2*w - 1. Suppose 7 = 5*u - 13. Let q = u - 9. What is o(q)?
-3
Let o(u) = -3*u**3 + 3 - 2 + 3*u**2 - u**2 + 4*u - 3*u. Determine o(2).
-13
Let j(x) = -x**3 - 8*x**2 + 7*x + 10. Let h(s) = -4*s**3 - 24*s**2 + 22*s + 30. Let c(w) = 2*h(w) - 7*j(w). What is c(7)?
4
Let y(s) = -4*s**2 + 10*s + 1. Let j(p) = -2 + 3 + 31*p + 1 - 12*p - 7*p**2. Let f(v) = -6*j(v) + 11*y(v). Calculate f(-3).
-7
Let b(t) = -3*t. Suppose -u - 13 = -5*m, 3*m + 5*u - 25 = -2*m. Determine b(m).
-9
Let p(t) be the first derivative of -t**4/4 - t**3 + 4*t**2 + 3*t - 48. Calculate p(-5).
13
Let l = 59 + -53. Let r(h) = 3*h**2 + 0*h**2 - h**3 + 3*h**2 - 8 - h. Determine r(l).
-14
Let d(x) = 4*x**3 - x**2 + 4*x + 4. Let z(i) = 5*i**3 - i**2 + 3*i + 3. Let m(u) = 4*d(u) - 5*z(u). What is m(-1)?
10
Suppose -2*b + 6 = 4*f - 0, 3*f - 3*b = 0. Let l(h) be the first derivative of -f + h - 1/2*h**2. Give l(2).
-1
Let c(v) be the second derivative of v**5/20 + v**4/12 - 2*v**3/3 - v**2 + 9*v. Calculate c(-3).
-8
Let i(z) = 17 - 7*z + z**2 - 46 + 23. Give i(6).
-12
Suppose -266*t = -261*t - 35. Let w(k) = k**3 - 6*k**2 - 8*k. Calculate w(t).
-7
Let v(i) = -2*i - i - 4*i**2 + 3*i**2. Suppose d = -2*r + 2, -3*r = 2*d - 0 - 1. Determine v(d).
-4
Suppose 0 = 4*c - 0*c - 12. Let s(o) = 3*o**2 - 3*o + 13. Let h(k) = k**2 - k + 6. Let l(i) = 5*h(i) - 2*s(i). Determine l(c).
-2
Let k(h) = 6*h**2 - 1. Let s be k(1). Suppose -4*p + 20 = -2*w, -2*p + 30 - 4 = -s*w. Let m be (12/p)/(-2) - 3. Let j(x) = -x**2 - 7*x - 7. Calculate j(m).
3
Let g(o) = -2*o + 3. Let a(i) = -4*i + 5. Let l(d) = -3*a(d) + 5*g(d). Calculate l(-4).
-8
Let c(h) = 5 + 2*h - 2*h**2 + 2*h + 2*h**2 + h**2. Determine c(-4).
5
Let r(z) = -6*z + 1. Suppose 2*i + 0 = 2. Let b be i/(-3) + 4/(-6). Determine r(b).
7
Let k(a) = a**3 + a**2 - 3*a. Let m be k(-2). Let j(s) = -4 - 1 + 2*s + 3 - s**2. Give j(m).
-2
Let d(j) be the third derivative of 1/2*j**3 + 0*j + 1/12*j**4 - 3*j**2 + 0. Determine d(-2).
-1
Let t(z) = z**3 - 5*z**2 + 5*z + 3. Let r be 244/12 - (-1)/(-3). Suppose -p + r = 4*p. Calculate t(p).
7
Let x(j) be the first derivative of j**3/3 + 3*j**2 - 3*j + 1. Suppose 30 = 140*o - 145*o. Calculate x(o).
-3
Let z(d) = 0*d**2 + 4*d**2 - 5*d**2. Let y be z(0). Let h(q) = -q**3 + q**2 - 2. Determine h(y).
-2
Let z(r) = r**2 + 5*r - 8. Let o(i) = i**3 + i**2 + 3*i + 4. Let f be o(-2). What is z(f)?
-2
Let t(r) = -r**2 - r - 1. Let o(q) = 0*q + 4*q - 5*q. Let h(n) = o(n) + t(n). Calculate h(-1).
0
Let o(s) be the second derivative of -s**5/30 - s**4/6 - s**3/2 + 7*s**2/2 + 7*s. Let b(m) be the first derivative of o(m). Give b(-3).
-9
Let u be ((-6)/12)/((-4)/6). Let p(d) be the first derivative of 2/3*d**3 - d**2 - u*d**4 + d - 4. Give p(1).
-2
Let c = -2 - -5. Suppose -c*t = -t + 4. Let j(z) = -3*z - 2*z + 0 - 1 + z**2 + 6*z. Give j(t).
1
Let f(h) = 1 - 13 + 7 + h + 1. Determine f(8).
4
Let m(d) be the third derivative of 0 - 7/24*d**4 - 1/6*d**3 - 5*d**2 + 0*d. Give m(-1).
6
Let s(x) = x**2 + 9*x. Let t(b) = -7*b**2 - 4*b - 1. Let y(i) = -i**2 + i. Let c(w) = t(w) - 6*y(w). Let q(o) = 3*c(o) + 4*s(o). What is q(-7)?
4
Let x = 12 + -7. Let z(i) = 2*i - 10. Let s be z(x). Let y(r) = r + 4. Determine y(s).
4
Let r be (-6)/(-21) + (-23)/7. Let s(g) = 6*g**3 - 4*g**2 + 2*g + 3. Let l(i) = -i**3 + i**2 - i. Let k(x) = 5*l(x) + s(x). Give k(r).
-6
Let r(a) = 3*a + 5*a**2 - 4*a**2 - 4*a - 2. Calculate r(-3).
10
Let y(w) = w**3 - 6*w**2 + 1. Let f be 46/14 - (-2)/(-7). Suppose -r - 12 = -f*r. What is y(r)?
1
Suppose -b - 5*t = 0, -b + 4*t + 7 = 2*t. Let c be (-2)/b*(-6 - -1). Let o(u) = -u**c - 2 - 1 + 3*u + 2. What is o(3)?
-1
Let l(a) = a + 2. Let w be l(8). Suppose -2*p = w - 16. Let n(g) = g**2 - g + 1. Give n(p).
7
Let h(t) = -t**2 + 0*t**2 - 28 - 5*t + 33. What is h(-6)?
-1
Let s(a) = 4*a**2 - 5*a - 8*a**3 + 2*a**2 + 3 + a. Let y(i) = -7*i**3 + 5*i**2 - 3*i + 2. Let z(r) = -3*s(r) + 4*y(r). Calculate z(-1).
5
Let v be (-6 + 2)*(-2)/4. Let o(c) = -4 + 4*c + 0*c**2 + 0*c**2 + 3*c**2 - v*c**2. What is o(-5)?
1
Let c(d) = 2*d**3 + 2*d**2 - d - 1. Let m(j) = j**3 + j**2 - 1. Let q(p) = -3*c(p) + 5*m(p). Suppose -4*u = 14 - 2. Determine q(u).
7
Let b be (-4)/10 - (-85)/25. Let c(r) = r - 2*r + b*r + 3*r. Determine c(-2).
-10
Let s(o) = o - 4. Let j(z) = -z + 5. Let k(n) = -5*j(n) - 6*s(n). Let t(w) = -w - 7. Let u be t(-10). Let b be -7 + (u - 1/1). Determine k(b).
4
Let n(x) = 7*x**3 + 17*x**2 + 15*x - 9. Let t = -3 + -2. Let f(l) = -10*l**3 - 25*l**2 - 22*l + 14. Let j(v) = t*f(v) - 7*n(v). Give j(-5).
-7
Suppose 1 + 3 = -4*b. Let p(q) = 6 - 2 + 3*q - 3 + 0. Give p(b).
-2
Let b(f) = -1. Let v(a) = -a - 4. Let c(d) = 5*b(d) - v(d). Let o be ((-9)/3 + 4)*-1. Give c(o).
-2
Let j(p) = -p**3 - 6*p**2 - p - 1. Let v be j(-6). Suppose v*g - g = 0. Suppose -4 = -4*s - g*s. Let i(w) = -w**2. Calculate i(s).
-1
Let h(u) = u - 6. Let y be h(6). Let r(q) = -3 + 0*q + y + 5*q. Let t be (-13 + 20)*(0 + (-2)/(-7)). What is r(t)?
7
Let b(s) = s**3 + 5*s**2 + 5*s - 1. Let n(f) = 7 - 1 + 1 - f - 2. Let v be n(9). Determine b(v).
-5
Suppose 0 = -0*q - q - 5. Let v(j) = j - 35. Let k(z) = 7. Suppose 0 = 3*a + 2*p - 14 - 11, 0 = -5*a - p + 51. Let l(g) = a*k(g) + 2*v(g). Determine l(q).
-3
Let m(s) = 6*s**2 - 3*s. Let v(n) be the first derivative of -n**3/3 + n**2/2 - 3. Let t(c) = m(c) + 5*v(c). What is t(-2)?
0
Let y(i) = -4*i + 7. Let a(t) = 5*t - 7. Let p(o) = -3*a(o) - 4*y(o). Calculate p(3).
-4
Let s(u) = -17 - 12 + 10*u**2 + 28 + u. What is s(1)?
10
Suppose 10 = 2*g + 2. Let d = 0 + g. Let j(o) = -o**2 + 4*o. Calculate j(d).
0
Let r(d) = -d**3 + 4*d**2 + 3*d + 6. Let p be 4/12 + (-16)/(-6). Let n(k) = 10*k - 1. Let j be n(p). Suppose 5*v - j = w, -17 = 4*w - 1. What is r(v)?
-4
Let r(q) be the second derivative of -q**5/20 + 5*q**4/12 + 4*q**3/3 - 3*q**2 + 5*q. Give r(6).
6
Let g(y) = y + 1. Let r(p) = -4*p - 5. Let s(c) = -3*g(c) - r(c). Let w = 0 + 4. Suppose -5*i = -i - w*x + 20, -2*i - 2*x - 14 = 0. Determine s(i).
-4
Let i(v) = 3*v + 3. Let o(t) = -1. Let b(p) = i(p) + 6*o(p). Give b(3).
6
Let u(m) be the second derivative of m**4/12 - 5*m**3/6 + m**2/2 + m. Suppose 5*q - 32 + 7 = 0. Determine u(q).
1
Let n(g) = 9 + 2*g - 6*g + 3*g. Give n(8).
1
Let s be 4/5 - (-3)/15. Let z(j) = 3*j**2 + 6*j + 1. Let q(a) = a**2 + a. Let y(d) = -6*q(d) + z(d). What is y(s)?
-2
Let n(v) = -v**3 + 8*v**2 + v - 6. Let f be n(8). Let g(d) = d + 3 + f + 2*d**2 - 5 - 4*d**3. What is g(-1)?
5
Let f be -2*(3 - (5 - 1)). Let i = f - 1. Let l(m) = 2*m**2 + m. Give l(i).
3
Let o(u) be the third derivative of -u**5/120 + u**4/8 - 5*u**3/6 - 5*u**2. Let r(l) be the first derivative of o(l). What is r(2)?
1
Let b(n) = -6*n + 11 + 9*n - 10*n - 2 + n**2. Give b(6).
3
Let f(w) = -5*w**3 + 9*w + 1. Let q(y) = y**3 + y**2 - y - 1. Let i(n) = f(n) + 6*q(n). Let h = -2 + -3. Calculate i(h).
5
Let q(c) be the third derivative of -19*c**4/24 + 15*c**2. Determine q(-1).
19
Let u(p) = -5*p**2 - p - 1. Let c(k) = 11*k**2 + 2*k + 3. Let z(i) = 2*c(i) + 5*u(i). Calculate z(1).
-3
Let j(c) be the first derivative of -c**3/3 + 7*c**2/2 + 2*c + 8. Give j(6).
8
Suppose 3*d + 4 = -8. Let z(r) = r**3 + 2*r**2 - 7*r - 5. Calculate z(d).
-9
Let v(i) be the first derivative of i**5/120 - i**4/12 + 4*i**3/3 + 4. Let m(w) be the third derivative of v(w). Calculate m(0).
-2
Let d = -5 + 10. Let t(f) = -4*f + 2*f**2 + d - 5 - 2*f**3 + 3*f**3. Give t(-3).
3
Let w(s) = -5*s**2 + 5*s - 4. Let d(a) = 11*a**2 - 11*a + 9. Let l be -2 + 17 + 0 + -2. Let q be (-20)/15*(-18)/4. Let j(b) = l*w(b) + q*d(b). Determine j(-2).
8
Let o(w) be the first derivative of 3*w**4/4 - w**3/3 + w + 16. Determine o(-1).
-3
Let w = -6 + 10. Suppose -4*y = -w*p - 3*y + 11, 0 = -4*p + 2*y + 14. Let z(u) = 3 - 3 + 3*u. Calculate z(p).
6
Let b(w) = 0 - 3 + 5 + 3*w. What is b(4)?
14
Let g(z) = 7*z + 3. Let k(a) = -14*a - 5. Let o(v) = 5*g(v) + 3*k(v). Give o(1).
-7
Let g(a) =